-8*f**3 - 23*f**2 - 40*f - 47. Is h(-14) composite?
False
Suppose -2*j + 20183 + 35903 = -q, 140215 = 5*j + 3*q. Is j a prime number?
False
Let x = 9044 - 6084. Let n = x - 1531. Let y = -342 + n. Is y prime?
True
Let s(o) = -o**2 - 5*o + 25. Let k be s(-7). Suppose -k*w = 16*w - 205227. Is w a prime number?
False
Let x = 439 + -437. Suppose 4*t - t = 2*c + 227, -x*c - 69 = -t. Is t a composite number?
False
Let k(t) = -7*t + 228546. Let a be k(0). Suppose 82*q + a = 100*q. Is q a prime number?
True
Let a(c) = 111*c + 81. Let l(u) = -u. Suppose 0 = -6*p + p + 5. Let d(k) = p*a(k) - l(k). Is d(13) a prime number?
False
Suppose 6*g - 2*g - 8 = 0. Let y(m) = 16*m**2 + 7 + 17*m**g - 5 + 5 - 4*m. Is y(2) a prime number?
True
Suppose -d = -6*d + r + 17, 0 = -4*d - 4*r + 28. Suppose 3*s - 6 - 15 = -p, -2*s + d = 0. Suppose 5*w - p = 0, 168 = 3*u + u + 4*w. Is u prime?
False
Let a(z) be the second derivative of -z**5/20 + 11*z**4/12 + z**3/6 + 6*z**2 - 5*z. Let r be a(8). Suppose -4*t + r = -0*t. Is t composite?
False
Suppose 955455 = -411*a + 426*a. Is a a composite number?
False
Let d(p) = 328*p**2 + 75*p + 142. Is d(27) composite?
True
Suppose -35143270 - 69044908 = -197*q. Is q prime?
False
Let q(s) = -s**3 - s**2 + s + 41. Let a be q(0). Let p = -39 + a. Let d(i) = 50*i**2 + 7*i - 3. Is d(p) a prime number?
True
Let j(a) = 3*a - 48. Let p be j(15). Let y be (15*-1)/(p*(-1)/(-2)). Suppose -12*n = -y*n - 598. Is n a prime number?
False
Let b(p) = -5*p**2 - p - 9. Let z be b(-5). Let u be 15/(0 + 3/(-64)). Let s = z - u. Is s prime?
True
Let c(f) be the third derivative of -5*f**7/112 + f**6/720 - 4*f**5/15 - 21*f**2. Let b(k) be the third derivative of c(k). Is b(-2) a prime number?
False
Suppose 9 = -8*u - 63. Is u + 133/14*1480 prime?
True
Suppose t = -3*m + 4044, -3*t + 7*t - 16202 = m. Let f be 2/(-5) - (-34)/10. Suppose -3*v + t = 5*u + 2*v, -4*u + 3233 = -f*v. Is u a composite number?
False
Let w(g) = g**3 + g**2 - g - 1. Let s be w(-1). Suppose 8 = 2*y - s, -y = -2*c + 6. Suppose o - 1 = -5, -o - 1989 = -c*q. Is q a prime number?
True
Let a = 320 - 323. Is a/3 + 2 + 2245 composite?
True
Suppose 3*b - 644267 = -127076. Is b composite?
True
Suppose -5*n = -15, 145*g = 146*g + 2*n - 110167. Is g a prime number?
True
Let t = 50 - 48. Suppose t*p = 4*p - 4*l - 1826, p + 5*l = 906. Is p composite?
False
Let j be 0*((-2)/(-6) - 0). Suppose -17*g + 97439 + 27834 = j. Is g a composite number?
False
Let b = -70 - 105. Let y be b/14*4/(-10). Is 1076*y + (-2 - -3) a composite number?
False
Suppose -4*n + 4 = -3*d, -4*n - d + 33 = 13. Suppose 0 = -n*k - 6 + 18. Is 526/(-3)*k*(-3)/6 prime?
True
Let h be (-4)/(-14) + -274*188/(-28). Suppose 3*j + j + h = 0. Let y = j + 791. Is y composite?
False
Let j(s) = 394*s + 164. Let p be j(21). Suppose -2*k - 2*y - p = -28662, 0 = -5*k + 4*y + 50605. Is k a prime number?
False
Let r = 152741 + 216306. Is r a composite number?
True
Let b(q) be the second derivative of -8855*q**4/12 + 5*q**3/6 - 15*q**2/2 - 15*q. Let h(g) = -4428*g**2 + 3*g - 8. Let m(x) = -6*b(x) + 11*h(x). Is m(-1) prime?
True
Suppose 632995 = 4*a + 97583. Is a a prime number?
True
Let t(j) = 2*j**3 - 37*j**2 - 44*j + 24. Let q(k) = -k**2 - k - 1. Let u(x) = -2*q(x) + t(x). Is u(19) a composite number?
False
Suppose -c + 2*c - g = 0, -3*c + 4*g = 5. Suppose 7 = -c*o - 4*b, o - b = 4*b + 16. Is (-12 + 13)*287*o composite?
True
Let p = -5925 + 8611. Suppose 6715 = 5*m + j, 3*j + p = 2*m - j. Is m composite?
True
Suppose 150*v - 33037905 = 11414145. Is v a composite number?
False
Suppose -3*t = 91*p - 90*p - 29, 35 = 5*t - 5*p. Suppose 5*c + u = 49484, t*c - u - 49486 = 4*c. Is c prime?
False
Let x be (-1)/(-3) + 30444/36. Let j = 2697 - x. Is j a prime number?
False
Let s be (-16)/(-8)*2/4. Is 53 - 51 - (20*-1 + s) composite?
True
Suppose -57*m + 47066688 - 13362431 = 94*m. Is m prime?
True
Let d(t) be the third derivative of 1/24*t**4 + 0 - 1/6*t**3 + 1/60*t**5 + 16*t**2 + 0*t - 35/2*t**6. Is d(-1) prime?
True
Suppose 49*s = -30*s + 161871. Is s a prime number?
False
Let f(q) = -q**2 - 3*q + 42. Let l be f(-9). Is (-3 + (-21404)/l)/((-10)/(-15)) a composite number?
False
Let d(t) = -t**3 - 9*t**2 - 12*t - 27. Let m be d(-8). Suppose -4*q = m*g - 56562, -2*q - 4*g + 36808 = 8530. Is q composite?
False
Let b = 355285 - 210848. Is b composite?
True
Let y = 101905 - 57944. Is y composite?
False
Let g = 1594 - 1068. Suppose 0 = -15*k + 14*k + 369. Let a = g - k. Is a composite?
False
Is 1361/((-15408)/(-15384) + -1) a prime number?
False
Let w be ((-346)/(-5))/((-10)/(-25)). Suppose -721 + w = -2*q. Suppose 4*b = 298 + q. Is b a composite number?
True
Let w be 27/6*((-5)/3 - -3). Is 2*-2 + (1 - w) + 2512 a composite number?
False
Suppose z - 2*n = 4*z - 279, 4*z = -n + 372. Let r = 90 - z. Is ((-2)/r)/(6/(-12618)*-2) composite?
False
Suppose -2*i + 120*m - 121*m = -70681, -176683 = -5*i + 4*m. Is i prime?
True
Suppose 0*i + 3099549 = 18*i - 3402933. Is i a prime number?
False
Is 4/(-10) + (-36)/10 + (-6965985)/(-195) a composite number?
True
Let a(c) = 6*c**2 - 38*c + 11. Let d be a(6). Let t(j) = -26669*j**3 + 4*j**2 + j - 3. Is t(d) prime?
True
Let v(t) = 12550*t**2 + 10*t + 71. Is v(10) a composite number?
True
Suppose -29*n = -19*n + 11*n - 5536881. Is n a prime number?
False
Let n = -426578 - -786757. Is n a composite number?
True
Let v = 577058 + -318957. Is v a prime number?
True
Let a(j) = j**3 - 4*j**2 - 3*j + 12. Let l be a(5). Let w = 22 - l. Suppose 13*s - 11*s - 106 = w. Is s a composite number?
False
Let k = -14330 - -43383. Is k a prime number?
False
Suppose 53*y - 85*y = -1525856. Is y a composite number?
True
Let m = 2755 + 18148. Is m composite?
False
Suppose 659347 = 4*j - 3*x, 0 = -2198*x + 2200*x + 10. Is j composite?
True
Suppose -4*m = -84289 - 225963. Is m a prime number?
True
Suppose 6*c - 16 = -4. Let j(w) = -8 + 213*w**2 - 2*w**3 + 3*w**3 - 225*w**c. Is j(15) a composite number?
True
Let g(v) = 76*v**2 + 12*v - 17. Suppose -11*r + 9 = -90. Is g(r) a composite number?
False
Is 9/((-18)/4)*(-195793)/52*22 a prime number?
False
Let d = -2364 - -2368. Let s(m) = -3*m**3 - 3*m**2 - 8*m - 7. Let g be s(-5). Suppose 5*i - d*f + 2*f = g, i = 2*f + 65. Is i composite?
False
Let x = 3070 + -8295. Let s = x - -7816. Is s composite?
False
Is 6/4 + 1897833/(-15)*160/(-64) a composite number?
True
Suppose -2*d + 4*f = -171422, -5*f + 342883 = 10*d - 6*d. Is d a composite number?
False
Let x(f) = 52695*f + 3451. Is x(12) composite?
True
Let d(j) = 195*j**2 - 5*j - 5. Let f = -27 - -21. Is d(f) a composite number?
True
Suppose -4*s + 5*h - 96253 = -275889, 3*s - 134732 = 5*h. Suppose 3*f + s = -4*p, -p - 4*p + 5*f = 56130. Is ((-1)/2)/(-7 - p/1604) a composite number?
False
Let c(r) = r + 1. Let m be c(3). Suppose -8 - m = 4*u, -3*o = -4*u - 114. Suppose o = x - 19. Is x a composite number?
False
Let n = 85684 - 39637. Is n a prime number?
False
Let g(n) = 28649*n**2 - 106*n - 506. Is g(-5) a composite number?
False
Suppose -3*c + 2533 = 2*o + 55188, c - 1 = 0. Let z = o + 38208. Is z a composite number?
True
Let q = -81656 - -151209. Is q a prime number?
False
Let x = -75 - -76. Let g be x - 1 - (-2036 + (-20)/4). Let f = g + -288. Is f a composite number?
False
Let d(t) = 109*t**3 - 2*t**2 - 2*t - 1. Let m be d(-2). Is 2 - (-2)/1 - (m - 8) a prime number?
False
Suppose 20*d + 4 = 24*d. Let u(l) = 586*l - 3 + 647*l + 527*l. Is u(d) a composite number?
True
Let c = 0 + -2. Let o be 692*(c + (-1)/(-1))*-2. Let v = o + -690. Is v prime?
False
Let g = 43 - 40. Suppose -g*i = -126 - 525. Is i prime?
False
Suppose -5*v = 4*q - 4884882 + 757659, -4*v + 3301742 = -2*q. Is v prime?
True
Let h = -89401 + 246275. Is h a composite number?
True
Let b = 50 + -49. Is 9/((-63)/(-25508)) - b a prime number?
True
Suppose -5*w + 29 = 3*o, 2*w + 3*w + 79 = 3*o. Is 30760/24*o/30 a composite number?
False
Let j(c) = c + 11. Let i be j(-7). Let h be 6 + (-4 - (-2 - 4/i)). Suppose 4*g = -8, -h*g + 2754 = 4*a - 0*a. Is a a composite number?
False
Let q(t) = t**2 - 5*t + 43. Suppose 5*p - 6*p - 25 = -5*s, -5*p - s - 73 = 0. Let l = -2 + p. Is q(l) composite?
True
Let s = 10 + -7. Let c(y) = 16*y + 2. Let u be c(0). Suppose h = 3*h - 5*p - 624, u*h - 628 = s*p. Is 